{"id":6897,"date":"2025-10-28T12:11:11","date_gmt":"2025-10-28T12:11:11","guid":{"rendered":"http:\/\/smart-case.fr\/?post_type=product&#038;p=6897"},"modified":"2026-01-17T03:03:58","modified_gmt":"2026-01-17T03:03:58","slug":"coque-avec-cordon","status":"publish","type":"product","link":"http:\/\/smart-case.fr\/index.php\/produit\/coque-avec-cordon\/","title":{"rendered":"Coque avec cordon"},"content":{"rendered":"<div class=\"flex flex-col text-sm pb-25\">\n<article class=\"text-token-text-primary w-full focus:outline-none [--shadow-height:45px] has-data-writing-block:pointer-events-none has-data-writing-block:-mt-(--shadow-height) has-data-writing-block:pt-(--shadow-height) [&amp;:has([data-writing-block])&gt;*]:pointer-events-auto scroll-mt-[calc(var(--header-height)+min(200px,max(70px,20svh)))]\" dir=\"auto\" tabindex=\"-1\" data-turn-id=\"request-WEB:3a509b73-1797-4e37-a2c3-ee6aed22da36-6\" data-testid=\"conversation-turn-14\" data-scroll-anchor=\"true\" data-turn=\"assistant\">\n<div class=\"text-base my-auto mx-auto pb-10 [--thread-content-margin:--spacing(4)] @w-sm\/main:[--thread-content-margin:--spacing(6)] @w-lg\/main:[--thread-content-margin:--spacing(16)] px-(--thread-content-margin)\">\n<div class=\"[--thread-content-max-width:40rem] @w-lg\/main:[--thread-content-max-width:48rem] mx-auto max-w-(--thread-content-max-width) flex-1 group\/turn-messages focus-visible:outline-hidden relative flex w-full min-w-0 flex-col agent-turn\" tabindex=\"-1\">\n<div class=\"flex max-w-full flex-col grow\">\n<div class=\"min-h-8 text-message relative flex w-full flex-col items-end gap-2 text-start break-words whitespace-normal [.text-message+&amp;]:mt-1\" dir=\"auto\" data-message-author-role=\"assistant\" data-message-id=\"b103ad45-b22f-4c19-8d78-244e3fdfe79a\" data-message-model-slug=\"gpt-5-2\">\n<div class=\"flex w-full flex-col gap-1 empty:hidden first:pt-[1px]\">\n<div class=\"markdown prose dark:prose-invert w-full break-words light markdown-new-styling\">\n<p data-start=\"23\" data-end=\"268\" data-is-last-node=\"\" data-is-only-node=\"\">Coque pratique et r\u00e9sistante avec cordon int\u00e9gr\u00e9, id\u00e9ale pour garder votre smartphone toujours \u00e0 port\u00e9e de main. Elle prot\u00e8ge efficacement contre les chocs et les rayures tout en offrant un style moderne et un confort d\u2019utilisation au quotidien.<\/p>\n<\/div>\n<\/div>\n<\/div>\n<\/div>\n<div class=\"z-0 flex min-h-[46px] justify-start\"><\/div>\n<\/div>\n<\/div>\n<\/article>\n<\/div>\n<div class=\"pointer-events-none h-px w-px absolute bottom-0\" aria-hidden=\"true\" data-edge=\"true\"><\/div>\n","protected":false},"excerpt":{"rendered":"<p>Coque pratique et r\u00e9sistante avec cordon int\u00e9gr\u00e9, id\u00e9ale pour garder votre smartphone toujours \u00e0 port\u00e9e de main. Elle prot\u00e8ge efficacement contre les chocs et les rayures tout en offrant un style moderne et un confort d\u2019utilisation au quotidien.<\/p>\n","protected":false},"featured_media":6974,"comment_status":"closed","ping_status":"closed","template":"","meta":[],"product_brand":[],"product_cat":[53],"product_tag":[],"class_list":{"0":"post-6897","1":"product","2":"type-product","3":"status-publish","4":"has-post-thumbnail","6":"product_cat-coques-etuis","7":"description-off","9":"first","10":"instock","11":"shipping-taxable","12":"purchasable","13":"product-type-simple"},"_links":{"self":[{"href":"http:\/\/smart-case.fr\/index.php\/wp-json\/wp\/v2\/product\/6897","targetHints":{"allow":["GET"]}}],"collection":[{"href":"http:\/\/smart-case.fr\/index.php\/wp-json\/wp\/v2\/product"}],"about":[{"href":"http:\/\/smart-case.fr\/index.php\/wp-json\/wp\/v2\/types\/product"}],"replies":[{"embeddable":true,"href":"http:\/\/smart-case.fr\/index.php\/wp-json\/wp\/v2\/comments?post=6897"}],"wp:featuredmedia":[{"embeddable":true,"href":"http:\/\/smart-case.fr\/index.php\/wp-json\/wp\/v2\/media\/6974"}],"wp:attachment":[{"href":"http:\/\/smart-case.fr\/index.php\/wp-json\/wp\/v2\/media?parent=6897"}],"wp:term":[{"taxonomy":"product_brand","embeddable":true,"href":"http:\/\/smart-case.fr\/index.php\/wp-json\/wp\/v2\/product_brand?post=6897"},{"taxonomy":"product_cat","embeddable":true,"href":"http:\/\/smart-case.fr\/index.php\/wp-json\/wp\/v2\/product_cat?post=6897"},{"taxonomy":"product_tag","embeddable":true,"href":"http:\/\/smart-case.fr\/index.php\/wp-json\/wp\/v2\/product_tag?post=6897"}],"curies":[{"name":"wp","href":"https:\/\/api.w.org\/{rel}","templated":true}]}}